{"id":5437,"date":"2026-05-06T00:09:30","date_gmt":"2026-05-06T04:09:30","guid":{"rendered":"https:\/\/ehebert.dectim.ca\/projectx\/tp2\/?page_id=5437"},"modified":"2026-05-12T12:54:40","modified_gmt":"2026-05-12T16:54:40","slug":"contact","status":"publish","type":"page","link":"https:\/\/ehebert.dectim.ca\/projectx\/tp2\/contact\/","title":{"rendered":"Contact"},"content":{"rendered":"\n<div class=\"wp-block-uagb-container uagb-layout-grid uagb-block-63cacf32 alignfull uagb-is-root-container\"><div class=\"uagb-container-inner-blocks-wrap\">\t\t\t<div data-aos= \"slide-right\" data-aos-duration=\"400\" data-aos-delay=\"0\" data-aos-easing=\"ease\" data-aos-once=\"true\" \n\t\t\tclass=\"wp-block-uagb-google-map uagb-google-map__wrap uagb-block-aa94241c     \"\n\t\t\tstyle=\"\" >\n\t\t\t\t<embed\n\t\t\t\t\tclass=\"uagb-google-map__iframe\"\n\t\t\t\t\ttitle=\"Google Map for \"\n\t\t\t\t\tsrc=\"https:\/\/maps.google.com\/maps?q=1200%20Rue%20des%20Bassins&#038;z=14&#038;hl=fr&#038;t=m&#038;output=embed&#038;iwloc=near\"\n\t\t\t\t\twidth=\"640\"\n\t\t\t\t\theight=\"650\"\n\t\t\t\t\tloading=\"lazy\"\n\t\t\t\t><\/embed>\n\t\t\t<\/div>\n\t\t\t\n\n\n<div data-aos= \"slide-left\" data-aos-duration=\"400\" data-aos-delay=\"0\" data-aos-easing=\"ease\" data-aos-once=\"true\" class=\"wp-block-uagb-container uagb-block-1948d75c\">\n<div class=\"wp-block-uagb-container uagb-block-0cc5ab75\">\n<h2 class=\"wp-block-heading\" style=\"margin-top:0;margin-right:0;margin-bottom:0;margin-left:0;padding-top:0;padding-right:0;padding-bottom:0;padding-left:0\"><strong>Une question, un projet ou un besoin sp\u00e9cifique ?<\/strong><\/h2>\n\n\n\n<p style=\"margin-top:0;margin-right:0;margin-bottom:var(--wp--preset--spacing--60);margin-left:0;padding-top:0;padding-right:0;padding-bottom:0;padding-left:0\">L\u2019\u00e9quipe est disponible pour accompagner chaque demande avec rigueur, cr\u00e9ativit\u00e9 et expertise.<\/p>\n\n\n\n<div class=\"wp-block-uagb-container uagb-block-a76d149f alignfull uagb-is-root-container\"><div class=\"uagb-container-inner-blocks-wrap\">\n<div class=\"wp-block-uagb-container uagb-block-b141cd5a\">\n<h4 class=\"wp-block-heading\" style=\"margin-top:0;margin-right:0;margin-bottom:0;margin-left:0;padding-top:0;padding-right:0;padding-bottom:0;padding-left:0\"><strong>T\u00e9l\u00e9phone<\/strong><\/h4>\n\n\n\n<p class=\"hover-font\" style=\"margin-top:0;margin-right:0;margin-bottom:0;margin-left:0;padding-top:0;padding-right:0;padding-bottom:0;padding-left:0\"><a href=\"tel:4504206769\">450-420-6769<\/a><\/p>\n<\/div>\n\n\n\n<div class=\"wp-block-uagb-container uagb-block-8469c604\">\n<h4 class=\"wp-block-heading\" style=\"margin-top:0;margin-right:0;margin-bottom:0;margin-left:0;padding-top:0;padding-right:0;padding-bottom:0;padding-left:0\"><strong>Adresse courriel<\/strong><\/h4>\n\n\n\n<p class=\"hover-font\" style=\"margin-top:0;margin-right:0;margin-bottom:0;margin-left:0;padding-top:0;padding-right:0;padding-bottom:0;padding-left:0\"><a href=\"tel:4504206769\"><\/a><a href=\"mailto:projetx071@gmail.com\">projetx071@gmail.com<\/a><\/p>\n<\/div>\n\n\n\n<div class=\"wp-block-uagb-container uagb-block-4cf8fb8f\">\n<h4 class=\"wp-block-heading\" style=\"margin-top:0;margin-right:0;margin-bottom:0;margin-left:0;padding-top:0;padding-right:0;padding-bottom:0;padding-left:0\"><strong>Adresse<\/strong><\/h4>\n\n\n\n<p class=\"hover-font\" style=\"margin-top:0;margin-right:0;margin-bottom:0;margin-left:0;padding-top:0;padding-right:0;padding-bottom:0;padding-left:0\"><a href=\"tel:4504206769\"><\/a><a href=\"https:\/\/www.google.com\/maps\/place\/1200+Rue+des+Bassins,+Montr%C3%A9al,+QC+H3C+1W3\/@45.4913904,-73.5586142,21z\/data=!4m5!3m4!1s0x4cc91a61dff5107b:0x4449acf7f4aa1718!8m2!3d45.4913244!4d-73.5585092?entry=ttu&amp;g_ep=EgoyMDI2MDQyOS4wIKXMDSoASAFQAw%3D%3D\">1200 Rue des Bassins, Montr\u00e9al, QC<\/a><\/p>\n<\/div>\n<\/div><\/div>\n<\/div>\n<\/div>\n<\/div><\/div>\n\n\n\n<div class=\"wp-block-uagb-container uagb-layout-grid uagb-block-115d8041 alignfull uagb-is-root-container\"><div class=\"uagb-container-inner-blocks-wrap\">\n<div data-aos= \"slide-right\" data-aos-duration=\"400\" data-aos-delay=\"0\" data-aos-easing=\"ease\" data-aos-once=\"true\" class=\"wp-block-uagb-image uagb-block-d15bb093 wp-block-uagb-image--layout-default wp-block-uagb-image--effect-static wp-block-uagb-image--align-none\"><figure class=\"wp-block-uagb-image__figure\"><img decoding=\"async\" srcset=\"https:\/\/ehebert.dectim.ca\/projectx\/tp2\/wp-content\/uploads\/2026\/05\/contact-projectx.webp ,https:\/\/ehebert.dectim.ca\/projectx\/tp2\/wp-content\/uploads\/2026\/05\/contact-projectx.webp 780w, https:\/\/ehebert.dectim.ca\/projectx\/tp2\/wp-content\/uploads\/2026\/05\/contact-projectx.webp 360w\" sizes=\"auto, (max-width: 480px) 150px\" src=\"https:\/\/ehebert.dectim.ca\/projectx\/tp2\/wp-content\/uploads\/2026\/05\/contact-projectx.webp\" alt=\"\" class=\"uag-image-5505\" width=\"1024\" height=\"635\" title=\"contact-projectx\" loading=\"lazy\" role=\"img\"\/><\/figure><\/div>\n\n\n\n<div data-aos= \"slide-left\" data-aos-duration=\"400\" data-aos-delay=\"0\" data-aos-easing=\"ease\" data-aos-once=\"true\" class=\"wp-block-uagb-container uagb-block-87ae58fe\">\n<h2 class=\"wp-block-heading\" style=\"margin-top:0;margin-right:0;margin-bottom:0;margin-left:0;padding-top:0;padding-right:0;padding-bottom:0;padding-left:0\">Formulaire<\/h2>\n\n\n\n<p style=\"margin-top:0;margin-right:0;margin-bottom:var(--wp--preset--spacing--60);margin-left:0;padding-top:0;padding-right:0;padding-bottom:0;padding-left:0\">D\u00e9crivez votre projet ou votre demande en remplissant le formulaire ci-dessous et une r\u00e9ponse vous sera transmise rapidement.<\/p>\n\n\n\n<div class=\"wp-block-uagb-forms uagb-forms__outer-wrap uagb-block-a4af9c06 uagb-forms__medium-btn\"><form class=\"uagb-forms-main-form\" method=\"post\" autocomplete=\"on\" name=\"uagb-form-a4af9c06\">\n<div class=\"wp-block-uagb-forms-name uagb-forms-name-wrap uagb-forms-field-set uagb-block-ad5c7a8e\"><div class=\"uagb-forms-name-label required uagb-forms-input-label\" id=\"ad5c7a8e\">Pr\u00e9nom et nom<\/div><input type=\"text\" placeholder=\"John Doe\" required class=\"uagb-forms-name-input uagb-forms-input\" name=\"ad5c7a8e\" autocomplete=\"given-name\"\/><\/div>\n\n\n\n<div class=\"wp-block-uagb-forms-email uagb-forms-email-wrap uagb-forms-field-set uagb-block-7dd07e53\"><div class=\"uagb-forms-email-label required uagb-forms-input-label\" id=\"7dd07e53\">Courriel<\/div><input type=\"email\" class=\"uagb-forms-email-input uagb-forms-input\" placeholder=\"exemple@mail.com\" required name=\"7dd07e53\" autocomplete=\"email\"\/><\/div>\n\n\n\n<div class=\"wp-block-uagb-forms-textarea uagb-forms-textarea-wrap uagb-forms-field-set uagb-block-75efc98f\"><div class=\"uagb-forms-textarea-label required uagb-forms-input-label\" id=\"75efc98f\">Votre demande<\/div><textarea required class=\"uagb-forms-textarea-input uagb-forms-input\" rows=\"4\" placeholder=\"Entrer votre demande\" name=\"75efc98f\" autocomplete=\"off\"><\/textarea><\/div>\n<div class=\"uagb-forms-form-hidden-data\"><input type=\"hidden\" class=\"uagb_forms_form_label\" value=\"Spectra Form\"\/><input type=\"hidden\" class=\"uagb_forms_form_id\" value=\"uagb-form-a4af9c06\"\/><\/div><div class=\"uagb-form-reacaptcha-error-a4af9c06\"><\/div><div class=\"uagb-forms-main-submit-button-wrap wp-block-button\"><button class=\"uagb-forms-main-submit-button wp-block-button__link\"><div class=\"uagb-forms-main-submit-button-text\">Envoyer<\/div><\/button><\/div><\/form><div class=\"uagb-forms-success-message-a4af9c06 uagb-forms-submit-message-hide\"><span>Le formulaire a \u00e9t\u00e9 soumis avec succ\u00e8s ! <\/span><\/div><div class=\"uagb-forms-failed-message-a4af9c06 uagb-forms-submit-message-hide\"><span>Une erreur s&rsquo;est produite lors de l&rsquo;envoi du formulaire. Veuillez v\u00e9rifier tous les champs et r\u00e9essayer.<\/span><\/div><\/div>\n<\/div>\n<\/div><\/div>\n","protected":false},"excerpt":{"rendered":"<p>Une question, un projet ou un besoin sp\u00e9cifique ? L\u2019\u00e9quipe est disponible pour accompagner chaque demande avec rigueur, cr\u00e9ativit\u00e9 et [&hellip;]<\/p>\n","protected":false},"author":1,"featured_media":0,"parent":0,"menu_order":0,"comment_status":"closed","ping_status":"closed","template":"","meta":{"_acf_changed":false,"_uag_custom_page_level_css":"","site-sidebar-layout":"default","site-content-layout":"","ast-site-content-layout":"default","site-content-style":"default","site-sidebar-style":"default","ast-global-header-display":"","ast-banner-title-visibility":"","ast-main-header-display":"","ast-hfb-above-header-display":"","ast-hfb-below-header-display":"","ast-hfb-mobile-header-display":"","site-post-title":"disabled","ast-breadcrumbs-content":"","ast-featured-img":"","footer-sml-layout":"","ast-disable-related-posts":"","theme-transparent-header-meta":"","adv-header-id-meta":"","stick-header-meta":"","header-above-stick-meta":"","header-main-stick-meta":"","header-below-stick-meta":"","astra-migrate-meta-layouts":"default","ast-page-background-enabled":"default","ast-page-background-meta":{"desktop":{"background-color":"var(--ast-global-color-5)","background-image":"","background-repeat":"repeat","background-position":"center center","background-size":"auto","background-attachment":"scroll","background-type":"","background-media":"","overlay-type":"","overlay-color":"","overlay-opacity":"","overlay-gradient":""},"tablet":{"background-color":"","background-image":"","background-repeat":"repeat","background-position":"center center","background-size":"auto","background-attachment":"scroll","background-type":"","background-media":"","overlay-type":"","overlay-color":"","overlay-opacity":"","overlay-gradient":""},"mobile":{"background-color":"","background-image":"","background-repeat":"repeat","background-position":"center center","background-size":"auto","background-attachment":"scroll","background-type":"","background-media":"","overlay-type":"","overlay-color":"","overlay-opacity":"","overlay-gradient":""}},"ast-content-background-meta":{"desktop":{"background-color":"var(--ast-global-color-4)","background-image":"","background-repeat":"repeat","background-position":"center center","background-size":"auto","background-attachment":"scroll","background-type":"","background-media":"","overlay-type":"","overlay-color":"","overlay-opacity":"","overlay-gradient":""},"tablet":{"background-color":"var(--ast-global-color-4)","background-image":"","background-repeat":"repeat","background-position":"center center","background-size":"auto","background-attachment":"scroll","background-type":"","background-media":"","overlay-type":"","overlay-color":"","overlay-opacity":"","overlay-gradient":""},"mobile":{"background-color":"var(--ast-global-color-4)","background-image":"","background-repeat":"repeat","background-position":"center center","background-size":"auto","background-attachment":"scroll","background-type":"","background-media":"","overlay-type":"","overlay-color":"","overlay-opacity":"","overlay-gradient":""}},"footnotes":""},"class_list":["post-5437","page","type-page","status-publish","hentry"],"acf":[],"uagb_featured_image_src":{"full":false,"thumbnail":false,"medium":false,"medium_large":false,"large":false,"1536x1536":false,"2048x2048":false,"awb_sm":false,"awb_md":false,"awb_lg":false,"awb_xl":false},"uagb_author_info":{"display_name":"\u00c9mile H\u00e9bert","author_link":"https:\/\/ehebert.dectim.ca\/projectx\/tp2\/author\/emile\/"},"uagb_comment_info":0,"uagb_excerpt":"Une question, un projet ou un besoin sp\u00e9cifique ? L\u2019\u00e9quipe est disponible pour accompagner chaque demande avec rigueur, cr\u00e9ativit\u00e9 et [&hellip;]","_links":{"self":[{"href":"https:\/\/ehebert.dectim.ca\/projectx\/tp2\/wp-json\/wp\/v2\/pages\/5437","targetHints":{"allow":["GET"]}}],"collection":[{"href":"https:\/\/ehebert.dectim.ca\/projectx\/tp2\/wp-json\/wp\/v2\/pages"}],"about":[{"href":"https:\/\/ehebert.dectim.ca\/projectx\/tp2\/wp-json\/wp\/v2\/types\/page"}],"author":[{"embeddable":true,"href":"https:\/\/ehebert.dectim.ca\/projectx\/tp2\/wp-json\/wp\/v2\/users\/1"}],"replies":[{"embeddable":true,"href":"https:\/\/ehebert.dectim.ca\/projectx\/tp2\/wp-json\/wp\/v2\/comments?post=5437"}],"version-history":[{"count":94,"href":"https:\/\/ehebert.dectim.ca\/projectx\/tp2\/wp-json\/wp\/v2\/pages\/5437\/revisions"}],"predecessor-version":[{"id":5955,"href":"https:\/\/ehebert.dectim.ca\/projectx\/tp2\/wp-json\/wp\/v2\/pages\/5437\/revisions\/5955"}],"wp:attachment":[{"href":"https:\/\/ehebert.dectim.ca\/projectx\/tp2\/wp-json\/wp\/v2\/media?parent=5437"}],"curies":[{"name":"wp","href":"https:\/\/api.w.org\/{rel}","templated":true}]}}